{"id":6193,"date":"2022-10-13T13:38:22","date_gmt":"2022-10-13T11:38:22","guid":{"rendered":"https:\/\/www.delphinco.com\/?page_id=6193"},"modified":"2024-09-02T10:06:14","modified_gmt":"2024-09-02T08:06:14","slug":"einstieg-karriere-2","status":"publish","type":"page","link":"https:\/\/www.delphinco.com\/?page_id=6193","title":{"rendered":"Einstieg &#038; Karriere"},"content":{"rendered":"<p>[vc_row][vc_column width=&#8221;1\/6&#8243;][\/vc_column][vc_column width=&#8221;2\/3&#8243;][vc_empty_space height=&#8221;170px&#8221;]<div id=\"ultimate-heading-569769eb17957a8a4\" class=\"uvc-heading ult-adjust-bottom-margin ultimate-heading-569769eb17957a8a4 uvc-4977 accent-border-color\" data-hspacer=\"no_spacer\"  data-halign=\"left\" style=\"text-align:left\"><div class=\"uvc-heading-spacer no_spacer\" style=\"top\"><\/div><div class=\"uvc-main-heading ult-responsive\"  data-ultimate-target='.uvc-heading.ultimate-heading-569769eb17957a8a4 h2'  data-responsive-json-new='{\"font-size\":\"desktop:30px;tablet:30px;tablet_portrait:28px;mobile_landscape:24px;mobile:24px;\",\"line-height\":\"desktop:36px;\"}' ><h2 style=\"font-family:&#039;Roboto&#039;;font-weight:500;color:#183e7a;margin-bottom:30px;\">Wir gestalten die digitale Zukunft.<\/h2><\/div><div class=\"uvc-sub-heading ult-responsive\"  data-ultimate-target='.uvc-heading.ultimate-heading-569769eb17957a8a4 .uvc-sub-heading '  data-responsive-json-new='{\"font-size\":\"\",\"line-height\":\"desktop:28px;\"}'  style=\"font-weight:normal;\"><\/p>\n<h4><b>Gestalte mit und erarbeite mit uns nachhaltige L\u00f6sungen f\u00fcr zukunftsf\u00e4hige Unternehmen!<\/b><\/h4>\n<p><\/div><\/div>[vc_column_text el_class=&#8221;text&#8221;]<\/p>\n<div class=\"page\" title=\"Page 1\">\n<div class=\"layoutArea\">\n<div class=\"column\">\n<p style=\"font-weight: 400;\">Seit \u00fcber 30 Jahren betreut Delphinco nationale und internationale Unternehmen unterschiedlicher Gr\u00f6\u00dfen und Branchen auf dem Weg zur digitalen Transformation und vielen weiteren Themen. Unser Ziel ist es, unsere Kunden individuell und nachhaltig zu unterst\u00fctzen.<\/p>\n<p style=\"font-weight: 400;\">Dazu suchen wir Verst\u00e4rkung f\u00fcr unser Team, um uns stetig zu verbessern und zu wachsen. Wachse mit uns \u2013 wir freuen uns auf Deine Bewerbung!<\/p>\n<\/div>\n<\/div>\n<\/div>\n<p>[\/vc_column_text][\/vc_column][vc_column width=&#8221;1\/6&#8243;][\/vc_column][\/vc_row][vc_row ult_hide_row=&#8221;ult_hide_row_value&#8221; ult_hide_row_large_screen=&#8221;large_screen&#8221; ult_hide_row_desktop=&#8221;desktop&#8221; ult_hide_row_tablet=&#8221;tablet&#8221; ult_hide_row_tablet_small=&#8221;xs_tablet&#8221; ult_hide_row_mobile=&#8221;mobile&#8221; ult_hide_row_mobile_large=&#8221;xl_mobile&#8221;][vc_column offset=&#8221;vc_hidden-lg vc_hidden-md vc_hidden-sm vc_hidden-xs&#8221;][vc_raw_html]JTNDJTIxLS0lMjBjb3ZldG8lMjBTdGVsbGVucG9ydGFsJTIwaWZyYW1lJTIwLS0lM0UlMEElM0NpZnJhbWUlMjBpZCUzRCUyMmNvdmV0b19pZnJhbWUlMjIlMjBzcmMlM0RodHRwcyUzQSUyRiUyRms1ODUxNy5jb3ZldG8uZGUlMkZwdWJsaWMlMkZqb2JzJTJGJTIwYm9yZGVyJTNEJTIyMCUyMiUyMHN0eWxlJTNEJTIyYm9yZGVyJTNBJTIwbm9uZSUzQiUyMiUyMHdpZHRoJTNEJTIyMTAwJTI1JTIyJTIwaGVpZ2h0JTNEJTIyNjAwJTIyJTNFJTNDJTJGaWZyYW1lJTNFJTNDcCUyMGlkJTNEJTIycG93ZXJlZGJ5Y292ZXRvJTIyJTIwc3R5bGUlM0QlMjJtYXJnaW4tdG9wJTNBMjBweCUzQiUyMHRleHQtYWxpZ24lM0FyaWdodCUzQiUyMiUzRSUzQ2ElMjBzdHlsZSUzRCUyMmZvbnQtc2l6ZSUzQSUyMDEwcHglM0IlMjBjb2xvciUzQSUyMCUyM0FBQSUzQnRleHQtZGVjb3JhdGlvbiUzQW5vbmUlM0IlMjIlMjBocmVmJTNEaHR0cCUzQSUyRiUyRnd3dy5jb3ZldG8uZGUlMjB0YXJnZXQlM0QlMjJfYmxhbmslMjIlMjByZWwlM0QlMjJub29wZW5lciUyMiUzRXBvd2VyZWQlMjBieSUyMGNvdmV0byUyQyUyMFNvZnR3YXJlJTIwZiUyNnV1bWwlM0JyJTIwQmV3ZXJiZXJ2ZXJ3YWx0dW5nJTNDJTJGYSUzRSUzQyUyRnAlM0UlMEElM0NzY3JpcHQlMjB0eXBlJTNEJTIydGV4dCUyRmphdmFzY3JpcHQlMjIlMjBzcmMlM0RodHRwcyUzQSUyRiUyRms1ODUxNy5jb3ZldG8uZGUlMkZqb2JzLmpzJTNFJTNDJTJGc2NyaXB0JTNFJTBBJTNDJTIxLS0lMjBlbmQlMjBvZiUyMGNvdmV0byUyMFN0ZWxsZW5wb3J0YWwlMjBpZnJhbWUlMjAtLSUzRQ==[\/vc_raw_html][\/vc_column][\/vc_row][vc_row equal_height=&#8221;yes&#8221; disable_element=&#8221;yes&#8221; css=&#8221;.vc_custom_1666966744894{margin-top: 5px !important;margin-right: 5px !important;margin-bottom: 5px !important;margin-left: 5px !important;}&#8221;][vc_column width=&#8221;1\/4&#8243; css=&#8221;.vc_custom_1665670828693{margin-right: 5px !important;margin-left: 5px !important;background-color: #efefef !important;background-position: center !important;background-repeat: no-repeat !important;background-size: cover !important;}&#8221;][vc_column_text css=&#8221;.vc_custom_1665671234089{border-bottom-width: 30px !important;padding-top: 30px !important;}&#8221;]<\/p>\n<h5 style=\"text-align: center;\"><a href=\"https:\/\/www.delphinco.com\/wp-content\/uploads\/2022\/10\/PDF-der-Stellenanzeige.pdf\">IT-Administrator<\/a><br \/>\n<a href=\"https:\/\/www.delphinco.com\/wp-content\/uploads\/2022\/10\/PDF-der-Stellenanzeige.pdf\">Linux- \/ WindowsUmgebung<\/a><br \/>\n(w\/m\/d)<\/h5>\n<p>[\/vc_column_text][\/vc_column][vc_column width=&#8221;1\/4&#8243; css=&#8221;.vc_custom_1665670834990{margin-right: 5px !important;margin-left: 5px !important;background-color: #efefef !important;background-position: center !important;background-repeat: no-repeat !important;background-size: cover !important;}&#8221;][vc_column_text css=&#8221;.vc_custom_1665670820239{padding-top: 30px !important;padding-bottom: 30px !important;}&#8221;]<\/p>\n<h5 style=\"text-align: center;\">Junior Consultant<br \/>\nSustainability &amp; Digital Transformation<br \/>\n(w\/m\/d)<\/h5>\n<p>[\/vc_column_text][\/vc_column][vc_column width=&#8221;1\/4&#8243; css=&#8221;.vc_custom_1665670895899{margin-right: 5px !important;margin-left: 5px !important;background-color: #efefef !important;}&#8221;][vc_column_text css=&#8221;.vc_custom_1665670820239{padding-top: 30px !important;padding-bottom: 30px !important;}&#8221;]<\/p>\n<h5 style=\"text-align: center;\">Junior Consultant<br \/>\nSustainability &amp; Digital Transformation<br \/>\n(w\/m\/d)<\/h5>\n<p>[\/vc_column_text][\/vc_column][vc_column width=&#8221;1\/4&#8243; css=&#8221;.vc_custom_1665670927593{margin-right: 5px !important;margin-left: 5px !important;background-color: #efefef !important;}&#8221;][vc_column_text css=&#8221;.vc_custom_1665670820239{padding-top: 30px !important;padding-bottom: 30px !important;}&#8221;]<\/p>\n<h5 style=\"text-align: center;\">Junior Consultant<br \/>\nSustainability &amp; Digital Transformation<br \/>\n(w\/m\/d)<\/h5>\n<p>[\/vc_column_text][\/vc_column][\/vc_row][vc_row][vc_column][vc_empty_space height=&#8221;40px&#8221;][\/vc_column][\/vc_row][vc_row][vc_column width=&#8221;1\/6&#8243;][\/vc_column][vc_column width=&#8221;2\/3&#8243;][vc_column_text]<\/p>\n<h3>Bewerben Sie sich jetzt und werden Sie Teil eines starken Teams!<\/h3>\n<p>&nbsp;<\/p>\n<ul>\n<li style=\"font-weight: 400;\"><strong>Attraktive Arbeitsbedingungen:<\/strong> Mit flexiblen Arbeitszeiten, Teilzeit und Remote-Working erm\u00f6glichen wir eine ausgewogene Work-Life-Balance.<\/li>\n<li style=\"font-weight: 400;\"><strong>Offene Unternehmenskultur:<\/strong> Unsere Arbeitsgemeinschaft ist gepr\u00e4gt durch gegenseitigen Respekt, flache Hierarchien und kurze Entscheidungswege.<\/li>\n<li style=\"font-weight: 400;\"><strong>Gute Rahmenbedingungen<\/strong> mit attraktivem Gehalt und Zusatzleistungen, z. B. Firmen-Smartphone zur privaten Nutzung, Fahrradleasing\u2026<\/li>\n<li style=\"font-weight: 400;\"><strong>Eine fundierte und individuell zugeschnittene Einarbeitung:<\/strong> Wir holen Sie mit Ihrem Wissen da ab, wo Sie stehen.<\/li>\n<li style=\"font-weight: 400;\"><strong>Spannende Aufgaben<\/strong> in einem innovativen Umfeld mit hochmotivierten Kolleg:innen, die sich schon jetzt auf Ihre Impulse freuen.<\/li>\n<li style=\"font-weight: 400;\"><strong>Weiterbildung<\/strong> in On- und Offline-Seminaren und im Rahmen der Berufsqualifikation.<\/li>\n<li style=\"font-weight: 400;\"><strong>Ein kreatives, multikulturelles Umfeld<\/strong> und viele Freir\u00e4ume, um eigene Ideen einzubringen und umzusetzen.<\/li>\n<\/ul>\n<p>[\/vc_column_text][\/vc_column][vc_column width=&#8221;1\/6&#8243;][\/vc_column][\/vc_row][vc_row][vc_column][vc_empty_space height=&#8221;20px&#8221;][\/vc_column][\/vc_row][vc_row][vc_column][vc_column_text][\/vc_column_text][\/vc_column][\/vc_row]<\/p>\n","protected":false},"excerpt":{"rendered":"<p>[vc_row][vc_column width=&#8221;1\/6&#8243;][\/vc_column][vc_column width=&#8221;2\/3&#8243;][vc_empty_space height=&#8221;170px&#8221;][vc_column_text el_class=&#8221;text&#8221;] Seit \u00fcber 30 Jahren betreut Delphinco nationale und internationale Unternehmen unterschiedlicher Gr\u00f6\u00dfen und Branchen auf dem Weg zur digitalen Transformation und vielen weiteren Themen. Unser Ziel ist es, unsere Kunden individuell und nachhaltig zu unterst\u00fctzen. Dazu suchen wir Verst\u00e4rkung f\u00fcr unser Team, um uns stetig zu verbessern und zu wachsen.&hellip;<\/p>\n","protected":false},"author":8,"featured_media":0,"parent":0,"menu_order":10,"comment_status":"closed","ping_status":"closed","template":"","meta":{"inline_featured_image":false},"aioseo_notices":[],"_links":{"self":[{"href":"https:\/\/www.delphinco.com\/index.php?rest_route=\/wp\/v2\/pages\/6193"}],"collection":[{"href":"https:\/\/www.delphinco.com\/index.php?rest_route=\/wp\/v2\/pages"}],"about":[{"href":"https:\/\/www.delphinco.com\/index.php?rest_route=\/wp\/v2\/types\/page"}],"author":[{"embeddable":true,"href":"https:\/\/www.delphinco.com\/index.php?rest_route=\/wp\/v2\/users\/8"}],"replies":[{"embeddable":true,"href":"https:\/\/www.delphinco.com\/index.php?rest_route=%2Fwp%2Fv2%2Fcomments&post=6193"}],"version-history":[{"count":53,"href":"https:\/\/www.delphinco.com\/index.php?rest_route=\/wp\/v2\/pages\/6193\/revisions"}],"predecessor-version":[{"id":6382,"href":"https:\/\/www.delphinco.com\/index.php?rest_route=\/wp\/v2\/pages\/6193\/revisions\/6382"}],"wp:attachment":[{"href":"https:\/\/www.delphinco.com\/index.php?rest_route=%2Fwp%2Fv2%2Fmedia&parent=6193"}],"curies":[{"name":"wp","href":"https:\/\/api.w.org\/{rel}","templated":true}]}}